{"id":8830,"date":"2022-06-20T16:01:54","date_gmt":"2022-06-20T14:01:54","guid":{"rendered":"https:\/\/efibrux.agencebisart.com\/ecole\/ecole-francaise-internationale-tirana\/"},"modified":"2022-11-14T19:58:06","modified_gmt":"2022-11-14T18:58:06","slug":"ecole-francaise-internationale-tirana","status":"publish","type":"ecole","link":"https:\/\/www.efibucarest.org\/en\/ecole\/ecole-francaise-internationale-tirana\/","title":{"rendered":"\u00c9cole fran\u00e7aise internationale,  Tirana"},"content":{"rendered":"<p><!-- Bloc small header --><\/p>\n<p>\t\t\t\t<!-- avec ou sans CTA : m\u00eame code, \u00e7a centre verticalement le texte --><\/p>\n<div class=\"smallheader\" id=\"bloc_small_header2\">\n<p>\t\t\t\t\t\t\t#bloc_small_header2 {background-image: url(https:\/\/www.efibucarest.org\/wp-content\/uploads\/2021\/12\/SAINT_PETERSBOURG@2x-1-1-610&#215;270.png);}<br \/>\n\t\t\t\t\t\t\t@media (min-width: 480px) {\t#bloc_small_header2 {background-image: url(https:\/\/www.efibucarest.org\/wp-content\/uploads\/2021\/12\/SAINT_PETERSBOURG@2x-1-1-610&#215;270.png);}}<br \/>\n\t\t\t\t\t\t\t@media (min-width: 768px) {\t#bloc_small_header2 {background-image: url(https:\/\/www.efibucarest.org\/wp-content\/uploads\/2021\/12\/SAINT_PETERSBOURG@2x-1-1-1024&#215;214.png);}}<br \/>\n\t\t\t\t\t\t\t@media (min-width: 992px) { #bloc_small_header2 {background-image: url(https:\/\/www.efibucarest.org\/wp-content\/uploads\/2021\/12\/SAINT_PETERSBOURG@2x-1-1-1024&#215;214.png);}}<br \/>\n\t\t\t\t\t\t\t@media (min-width: 1200px) { #bloc_small_header2 {background-image: url(https:\/\/www.efibucarest.org\/wp-content\/uploads\/2021\/12\/SAINT_PETERSBOURG@2x-1-1-1536&#215;322.png);}}<\/p>\n<div class=\"container d-flex flex-column justify-content-center align-items-start\">\n<h2><span>\u00c9cole Fran\u00e7aise Internationale de Tirana<\/span><\/h2>\n<\/p><\/div>\n<\/p><\/div>\n<p><!-- Bloc 6 - Texte --><\/p>\n<div class=\"bloctext bloctext--color4 bloctext--haspattern\" id=\"bloc_6_3\">\n<div class=\"container\">\n<div class=\"row\">\n<div class=\"col-12 col-lg-4 col-xl-3 mb-1\">\n<h2><span>The EFIT Adventure<\/span><\/h2>\n<\/p><\/div>\n<div class=\"col-12 col-lg-8 col-xl-9\">\n<div class=\"text pl-lg-4\">\n<p class=\"p1\">Founded in 2011, <a href=\"https:\/\/efit.edu.al\/efit\/\" target=\"_blank\" rel=\"noopener\">the \u00c9cole Fran\u00e7aise Internationale de Tirana<\/a> (EFIT) is a rapidly growing institution. It currently hosts 126 pupils from preschool to secondary school. Its staff team has been constantly expanding over the space of several years (+20% in 2020).<\/p>\n<p class=\"p1\">Inaugurated in September 2019, its new building is ideally located in the dynamic district of Tirana East Gate, where the other top international schools are also located. Its premises are spacious, bright and well-equipped.<\/p>\n<p class=\"p1\">The EFIT is the only French school in Albania to be approved by the French Ministry of Education up to the 5th year of primary school \u2013 Cycle 3 (CM2). From secondary level (6\u00e8me onwards), teaching is based on courses from the National Center for Distance Learning (CNED), provided on site by educational assistant teachers.<br \/>\nThe School is one of 522 schools in the Agency for French Education Abroad (AEFE) network. Unique in the world, this network certifies the compliance of schools\u2019 teaching with the requirements of the French education system (programs, educational objectives and organizational rules). Furthermore, any student from the EFIT can continue their education in any other school in France or in the AEFE global network without an admission exam (subject to availability). With its dynamic and committed teaching staff, the school aims to provide every student with solid knowledge and skills, and a schooling open to Europe and to the world. It contributes to the dissemination of the French language and culture, within a secular, multilingual and intercultural educational framework.<\/p>\n<\/p><\/div>\n<\/p><\/div>\n<\/p><\/div>\n<\/p><\/div>\n<\/div>\n<p><!-- Bloc 14 - Vignettes --><\/p>\n<div class=\"blocsphotos blocsphotos--nocolor\" id=\"bloc_14_4\">\n<div class=\"container\">\n<div class=\"row\">\n<div class=\"col-6 col-md-3 mb-1 mb-md-0\">\n<div class=\"blocphoto\">\n\t\t\t\t\t<img decoding=\"async\" class=\"img-fluid img-rounded\" src=\"https:\/\/www.efibucarest.org\/wp-content\/uploads\/2021\/12\/Capture-de\u0301cran-2021-12-22-a\u0300-17.08.02-1-270x310.png\" width=\"\" height=\"\" alt=\"\">\n\t\t\t\t<\/div>\n<\/p><\/div>\n<div class=\"col-6 col-md-3 mb-1 mb-md-0\">\n<div class=\"blocphoto\">\n\t\t\t\t\t<img decoding=\"async\" class=\"img-fluid img-rounded\" src=\"https:\/\/www.efibucarest.org\/wp-content\/uploads\/2021\/12\/Capture-de\u0301cran-2021-12-22-a\u0300-17.08.09-1-270x310.png\" width=\"\" height=\"\" alt=\"\">\n\t\t\t\t<\/div>\n<\/p><\/div>\n<div class=\"col-6 col-md-3 mb-1 mb-md-0\">\n<div class=\"blocphoto\">\n\t\t\t\t\t<img decoding=\"async\" class=\"img-fluid img-rounded\" src=\"https:\/\/www.efibucarest.org\/wp-content\/uploads\/2021\/12\/Capture-de\u0301cran-2021-12-22-a\u0300-17.08.17-1-270x310.png\" width=\"\" height=\"\" alt=\"\">\n\t\t\t\t<\/div>\n<\/p><\/div>\n<div class=\"col-6 col-md-3 mb-1 mb-md-0\">\n<div class=\"blocphoto\">\n\t\t\t\t\t<img decoding=\"async\" class=\"img-fluid img-rounded\" src=\"https:\/\/www.efibucarest.org\/wp-content\/uploads\/2021\/12\/Capture-de\u0301cran-2021-12-22-a\u0300-17.08.24-1-270x310.png\" width=\"\" height=\"\" alt=\"\">\n\t\t\t\t<\/div>\n<\/p><\/div>\n<\/p><\/div>\n<\/p><\/div>\n<\/div>\n<p><!-- Bloc CTAs --><\/p>\n<div class=\"bloc_ctas bloc_cta container pt-2 pb-2 text-center\" id=\"bloc_ctas_5\">\n<div class=\"btns\">\t<a href=\"https:\/\/efit.edu.al\/efit\/\" title=\"Discover the EFIT\" target=\"_blank\" class=\" ml-1   mr-1  btn btn--color2\" rel=\"noopener\">Discover the EFIT<\/a> <\/div>\n<\/p><\/div>\n<p><!-- Bloc 10 - Bandeau --><\/p>\n<div class=\"blocinfo blocinfo--color4\" id=\"bloc_10_6\">\n<div class=\"container\">\n<div class=\"row\">\n<div class=\"col-12 col-md-6\">\n<h2><span>Do you need any further information?<\/span><\/h2>\n<p>We\u2019re always available to help you find the best school for your child.<\/p>\n<p>\t\t\t\t<!-- Changer la classe de couleur du bouton en fonction de la couleur g\u00e9n\u00e9rale du bloc --><\/p>\n<div class=\"bloc_cta\">\n\t<a href=\"\" title=\"Contact us\" target=\"\" class=\"mr-3 btn btn--color4\" rel=\"noopener\">Contact us<\/a> \t\t\t\t<\/div>\n<\/p><\/div>\n<\/p><\/div>\n<\/p><\/div>\n<\/div>\n","protected":false},"featured_media":0,"template":"","localisation":[107],"niveau":[113,114,115,116],"class_list":["post-8830","ecole","type-ecole","status-publish","hentry","localisation-albania-en","niveau-preschool","niveau-primary-school","niveau-secondary-school","niveau-sixth-form"],"acf":[],"yoast_head":"<!-- This site is optimized with the Yoast SEO plugin v26.9 - https:\/\/yoast.com\/product\/yoast-seo-wordpress\/ -->\n<title>Ecole fran\u00e7aise \u00e0 Tirana | Nos \u00e9tablissements - Odyssey<\/title>\n<meta name=\"description\" content=\"Trouver une Ecole Fran\u00e7aise \u00e0 Tirana. Enseignement fran\u00e7ais et international. Ecole fran\u00e7aise internationale de Tirana...\" \/>\n<meta name=\"robots\" content=\"index, follow, max-snippet:-1, max-image-preview:large, max-video-preview:-1\" \/>\n<link rel=\"canonical\" href=\"https:\/\/www.efibucarest.org\/en\/ecole\/ecole-francaise-internationale-tirana\/\" \/>\n<meta property=\"og:locale\" content=\"en_US\" \/>\n<meta property=\"og:type\" content=\"article\" \/>\n<meta property=\"og:title\" content=\"Ecole fran\u00e7aise \u00e0 Tirana | Nos \u00e9tablissements - Odyssey\" \/>\n<meta property=\"og:description\" content=\"Trouver une Ecole Fran\u00e7aise \u00e0 Tirana. Enseignement fran\u00e7ais et international. Ecole fran\u00e7aise internationale de Tirana...\" \/>\n<meta property=\"og:url\" content=\"https:\/\/www.efibucarest.org\/en\/ecole\/ecole-francaise-internationale-tirana\/\" \/>\n<meta property=\"og:site_name\" content=\"EFI Bucarest\" \/>\n<meta property=\"article:modified_time\" content=\"2022-11-14T18:58:06+00:00\" \/>\n<meta name=\"twitter:card\" content=\"summary_large_image\" \/>\n<meta name=\"twitter:label1\" content=\"Est. reading time\" \/>\n\t<meta name=\"twitter:data1\" content=\"2 minutes\" \/>\n<script type=\"application\/ld+json\" class=\"yoast-schema-graph\">{\"@context\":\"https:\/\/schema.org\",\"@graph\":[{\"@type\":\"WebPage\",\"@id\":\"https:\/\/www.efibucarest.org\/en\/ecole\/ecole-francaise-internationale-tirana\/\",\"url\":\"https:\/\/www.efibucarest.org\/en\/ecole\/ecole-francaise-internationale-tirana\/\",\"name\":\"Ecole fran\u00e7aise \u00e0 Tirana | Nos \u00e9tablissements - Odyssey\",\"isPartOf\":{\"@id\":\"https:\/\/www.efibucarest.org\/en\/#website\"},\"datePublished\":\"2022-06-20T14:01:54+00:00\",\"dateModified\":\"2022-11-14T18:58:06+00:00\",\"description\":\"Trouver une Ecole Fran\u00e7aise \u00e0 Tirana. Enseignement fran\u00e7ais et international. Ecole fran\u00e7aise internationale de Tirana...\",\"breadcrumb\":{\"@id\":\"https:\/\/www.efibucarest.org\/en\/ecole\/ecole-francaise-internationale-tirana\/#breadcrumb\"},\"inLanguage\":\"en-US\",\"potentialAction\":[{\"@type\":\"ReadAction\",\"target\":[\"https:\/\/www.efibucarest.org\/en\/ecole\/ecole-francaise-internationale-tirana\/\"]}]},{\"@type\":\"BreadcrumbList\",\"@id\":\"https:\/\/www.efibucarest.org\/en\/ecole\/ecole-francaise-internationale-tirana\/#breadcrumb\",\"itemListElement\":[{\"@type\":\"ListItem\",\"position\":1,\"name\":\"Accueil\",\"item\":\"https:\/\/www.efibucarest.org\/en\/\"},{\"@type\":\"ListItem\",\"position\":2,\"name\":\"\u00c9cole fran\u00e7aise internationale, Tirana\"}]},{\"@type\":\"WebSite\",\"@id\":\"https:\/\/www.efibucarest.org\/en\/#website\",\"url\":\"https:\/\/www.efibucarest.org\/en\/\",\"name\":\"EFI Bucarest\",\"description\":\"EFI Bucarest\",\"potentialAction\":[{\"@type\":\"SearchAction\",\"target\":{\"@type\":\"EntryPoint\",\"urlTemplate\":\"https:\/\/www.efibucarest.org\/en\/?s={search_term_string}\"},\"query-input\":{\"@type\":\"PropertyValueSpecification\",\"valueRequired\":true,\"valueName\":\"search_term_string\"}}],\"inLanguage\":\"en-US\"}]}<\/script>\n<!-- \/ Yoast SEO plugin. -->","yoast_head_json":{"title":"Ecole fran\u00e7aise \u00e0 Tirana | Nos \u00e9tablissements - Odyssey","description":"Trouver une Ecole Fran\u00e7aise \u00e0 Tirana. Enseignement fran\u00e7ais et international. Ecole fran\u00e7aise internationale de Tirana...","robots":{"index":"index","follow":"follow","max-snippet":"max-snippet:-1","max-image-preview":"max-image-preview:large","max-video-preview":"max-video-preview:-1"},"canonical":"https:\/\/www.efibucarest.org\/en\/ecole\/ecole-francaise-internationale-tirana\/","og_locale":"en_US","og_type":"article","og_title":"Ecole fran\u00e7aise \u00e0 Tirana | Nos \u00e9tablissements - Odyssey","og_description":"Trouver une Ecole Fran\u00e7aise \u00e0 Tirana. Enseignement fran\u00e7ais et international. Ecole fran\u00e7aise internationale de Tirana...","og_url":"https:\/\/www.efibucarest.org\/en\/ecole\/ecole-francaise-internationale-tirana\/","og_site_name":"EFI Bucarest","article_modified_time":"2022-11-14T18:58:06+00:00","twitter_card":"summary_large_image","twitter_misc":{"Est. reading time":"2 minutes"},"schema":{"@context":"https:\/\/schema.org","@graph":[{"@type":"WebPage","@id":"https:\/\/www.efibucarest.org\/en\/ecole\/ecole-francaise-internationale-tirana\/","url":"https:\/\/www.efibucarest.org\/en\/ecole\/ecole-francaise-internationale-tirana\/","name":"Ecole fran\u00e7aise \u00e0 Tirana | Nos \u00e9tablissements - Odyssey","isPartOf":{"@id":"https:\/\/www.efibucarest.org\/en\/#website"},"datePublished":"2022-06-20T14:01:54+00:00","dateModified":"2022-11-14T18:58:06+00:00","description":"Trouver une Ecole Fran\u00e7aise \u00e0 Tirana. Enseignement fran\u00e7ais et international. Ecole fran\u00e7aise internationale de Tirana...","breadcrumb":{"@id":"https:\/\/www.efibucarest.org\/en\/ecole\/ecole-francaise-internationale-tirana\/#breadcrumb"},"inLanguage":"en-US","potentialAction":[{"@type":"ReadAction","target":["https:\/\/www.efibucarest.org\/en\/ecole\/ecole-francaise-internationale-tirana\/"]}]},{"@type":"BreadcrumbList","@id":"https:\/\/www.efibucarest.org\/en\/ecole\/ecole-francaise-internationale-tirana\/#breadcrumb","itemListElement":[{"@type":"ListItem","position":1,"name":"Accueil","item":"https:\/\/www.efibucarest.org\/en\/"},{"@type":"ListItem","position":2,"name":"\u00c9cole fran\u00e7aise internationale, Tirana"}]},{"@type":"WebSite","@id":"https:\/\/www.efibucarest.org\/en\/#website","url":"https:\/\/www.efibucarest.org\/en\/","name":"EFI Bucarest","description":"EFI Bucarest","potentialAction":[{"@type":"SearchAction","target":{"@type":"EntryPoint","urlTemplate":"https:\/\/www.efibucarest.org\/en\/?s={search_term_string}"},"query-input":{"@type":"PropertyValueSpecification","valueRequired":true,"valueName":"search_term_string"}}],"inLanguage":"en-US"}]}},"_links":{"self":[{"href":"https:\/\/www.efibucarest.org\/en\/wp-json\/wp\/v2\/ecole\/8830","targetHints":{"allow":["GET"]}}],"collection":[{"href":"https:\/\/www.efibucarest.org\/en\/wp-json\/wp\/v2\/ecole"}],"about":[{"href":"https:\/\/www.efibucarest.org\/en\/wp-json\/wp\/v2\/types\/ecole"}],"wp:attachment":[{"href":"https:\/\/www.efibucarest.org\/en\/wp-json\/wp\/v2\/media?parent=8830"}],"wp:term":[{"taxonomy":"localisation","embeddable":true,"href":"https:\/\/www.efibucarest.org\/en\/wp-json\/wp\/v2\/localisation?post=8830"},{"taxonomy":"niveau","embeddable":true,"href":"https:\/\/www.efibucarest.org\/en\/wp-json\/wp\/v2\/niveau?post=8830"}],"curies":[{"name":"wp","href":"https:\/\/api.w.org\/{rel}","templated":true}]}}

École française internationale,  Tirana

<p><!-- Bloc small header --></p>
<p>				<!-- avec ou sans CTA : même code, ça centre verticalement le texte --></p>
<div class="smallheader" id="bloc_small_header2">
<p>							#bloc_small_header2 {background-image: url(https://www.efibucarest.org/wp-content/uploads/2021/12/SAINT_PETERSBOURG@2x-1-1-610&#215;270.png);}<br />
							@media (min-width: 480px) {	#bloc_small_header2 {background-image: url(https://www.efibucarest.org/wp-content/uploads/2021/12/SAINT_PETERSBOURG@2x-1-1-610&#215;270.png);}}<br />
							@media (min-width: 768px) {	#bloc_small_header2 {background-image: url(https://www.efibucarest.org/wp-content/uploads/2021/12/SAINT_PETERSBOURG@2x-1-1-1024&#215;214.png);}}<br />
							@media (min-width: 992px) { #bloc_small_header2 {background-image: url(https://www.efibucarest.org/wp-content/uploads/2021/12/SAINT_PETERSBOURG@2x-1-1-1024&#215;214.png);}}<br />
							@media (min-width: 1200px) { #bloc_small_header2 {background-image: url(https://www.efibucarest.org/wp-content/uploads/2021/12/SAINT_PETERSBOURG@2x-1-1-1536&#215;322.png);}}</p>
<div class="container d-flex flex-column justify-content-center align-items-start">
<h2><span>École Française Internationale de Tirana</span></h2>
</p></div>
</p></div>
<p><!-- Bloc 6 - Texte --></p>
<div class="bloctext bloctext--color4 bloctext--haspattern" id="bloc_6_3">
<div class="container">
<div class="row">
<div class="col-12 col-lg-4 col-xl-3 mb-1">
<h2><span>The EFIT Adventure</span></h2>
</p></div>
<div class="col-12 col-lg-8 col-xl-9">
<div class="text pl-lg-4">
<p class="p1">Founded in 2011, <a href="https://efit.edu.al/efit/" target="_blank" rel="noopener">the École Française Internationale de Tirana</a> (EFIT) is a rapidly growing institution. It currently hosts 126 pupils from preschool to secondary school. Its staff team has been constantly expanding over the space of several years (+20% in 2020).</p>
<p class="p1">Inaugurated in September 2019, its new building is ideally located in the dynamic district of Tirana East Gate, where the other top international schools are also located. Its premises are spacious, bright and well-equipped.</p>
<p class="p1">The EFIT is the only French school in Albania to be approved by the French Ministry of Education up to the 5th year of primary school – Cycle 3 (CM2). From secondary level (6ème onwards), teaching is based on courses from the National Center for Distance Learning (CNED), provided on site by educational assistant teachers.<br />
The School is one of 522 schools in the Agency for French Education Abroad (AEFE) network. Unique in the world, this network certifies the compliance of schools’ teaching with the requirements of the French education system (programs, educational objectives and organizational rules). Furthermore, any student from the EFIT can continue their education in any other school in France or in the AEFE global network without an admission exam (subject to availability). With its dynamic and committed teaching staff, the school aims to provide every student with solid knowledge and skills, and a schooling open to Europe and to the world. It contributes to the dissemination of the French language and culture, within a secular, multilingual and intercultural educational framework.</p>
</p></div>
</p></div>
</p></div>
</p></div>
</div>
<p><!-- Bloc 14 - Vignettes --></p>
<div class="blocsphotos blocsphotos--nocolor" id="bloc_14_4">
<div class="container">
<div class="row">
<div class="col-6 col-md-3 mb-1 mb-md-0">
<div class="blocphoto">
					<img decoding="async" class="img-fluid img-rounded" src="https://www.efibucarest.org/wp-content/uploads/2021/12/Capture-décran-2021-12-22-à-17.08.02-1-270x310.png" width="" height="" alt="">
				</div>
</p></div>
<div class="col-6 col-md-3 mb-1 mb-md-0">
<div class="blocphoto">
					<img decoding="async" class="img-fluid img-rounded" src="https://www.efibucarest.org/wp-content/uploads/2021/12/Capture-décran-2021-12-22-à-17.08.09-1-270x310.png" width="" height="" alt="">
				</div>
</p></div>
<div class="col-6 col-md-3 mb-1 mb-md-0">
<div class="blocphoto">
					<img decoding="async" class="img-fluid img-rounded" src="https://www.efibucarest.org/wp-content/uploads/2021/12/Capture-décran-2021-12-22-à-17.08.17-1-270x310.png" width="" height="" alt="">
				</div>
</p></div>
<div class="col-6 col-md-3 mb-1 mb-md-0">
<div class="blocphoto">
					<img decoding="async" class="img-fluid img-rounded" src="https://www.efibucarest.org/wp-content/uploads/2021/12/Capture-décran-2021-12-22-à-17.08.24-1-270x310.png" width="" height="" alt="">
				</div>
</p></div>
</p></div>
</p></div>
</div>
<p><!-- Bloc CTAs --></p>
<div class="bloc_ctas bloc_cta container pt-2 pb-2 text-center" id="bloc_ctas_5">
<div class="btns">	<a href="https://efit.edu.al/efit/" title="Discover the EFIT" target="_blank" class=" ml-1   mr-1  btn btn--color2" rel="noopener">Discover the EFIT</a> </div>
</p></div>
<p><!-- Bloc 10 - Bandeau --></p>
<div class="blocinfo blocinfo--color4" id="bloc_10_6">
<div class="container">
<div class="row">
<div class="col-12 col-md-6">
<h2><span>Do you need any further information?</span></h2>
<p>We’re always available to help you find the best school for your child.</p>
<p>				<!-- Changer la classe de couleur du bouton en fonction de la couleur générale du bloc --></p>
<div class="bloc_cta">
	<a href="" title="Contact us" target="" class="mr-3 btn btn--color4" rel="noopener">Contact us</a> 				</div>
</p></div>
</p></div>
</p></div>
</div>

<!-- This site is optimized with the Yoast SEO plugin v26.9 - https://yoast.com/product/yoast-seo-wordpress/ -->
<title>Ecole française à Tirana | Nos établissements - Odyssey</title>
<meta name="description" content="Trouver une Ecole Française à Tirana. Enseignement français et international. Ecole française internationale de Tirana..." />
<meta name="robots" content="index, follow, max-snippet:-1, max-image-preview:large, max-video-preview:-1" />
<link rel="canonical" href="https://www.efibucarest.org/en/ecole/ecole-francaise-internationale-tirana/" />
<meta property="og:locale" content="en_US" />
<meta property="og:type" content="article" />
<meta property="og:title" content="Ecole française à Tirana | Nos établissements - Odyssey" />
<meta property="og:description" content="Trouver une Ecole Française à Tirana. Enseignement français et international. Ecole française internationale de Tirana..." />
<meta property="og:url" content="https://www.efibucarest.org/en/ecole/ecole-francaise-internationale-tirana/" />
<meta property="og:site_name" content="EFI Bucarest" />
<meta property="article:modified_time" content="2022-11-14T18:58:06+00:00" />
<meta name="twitter:card" content="summary_large_image" />
<meta name="twitter:label1" content="Est. reading time" />
	<meta name="twitter:data1" content="2 minutes" />
<script type="application/ld+json" class="yoast-schema-graph">{"@context":"https://schema.org","@graph":[{"@type":"WebPage","@id":"https://www.efibucarest.org/en/ecole/ecole-francaise-internationale-tirana/","url":"https://www.efibucarest.org/en/ecole/ecole-francaise-internationale-tirana/","name":"Ecole française à Tirana | Nos établissements - Odyssey","isPartOf":{"@id":"https://www.efibucarest.org/en/#website"},"datePublished":"2022-06-20T14:01:54+00:00","dateModified":"2022-11-14T18:58:06+00:00","description":"Trouver une Ecole Française à Tirana. Enseignement français et international. Ecole française internationale de Tirana...","breadcrumb":{"@id":"https://www.efibucarest.org/en/ecole/ecole-francaise-internationale-tirana/#breadcrumb"},"inLanguage":"en-US","potentialAction":[{"@type":"ReadAction","target":["https://www.efibucarest.org/en/ecole/ecole-francaise-internationale-tirana/"]}]},{"@type":"BreadcrumbList","@id":"https://www.efibucarest.org/en/ecole/ecole-francaise-internationale-tirana/#breadcrumb","itemListElement":[{"@type":"ListItem","position":1,"name":"Accueil","item":"https://www.efibucarest.org/en/"},{"@type":"ListItem","position":2,"name":"École française internationale, Tirana"}]},{"@type":"WebSite","@id":"https://www.efibucarest.org/en/#website","url":"https://www.efibucarest.org/en/","name":"EFI Bucarest","description":"EFI Bucarest","potentialAction":[{"@type":"SearchAction","target":{"@type":"EntryPoint","urlTemplate":"https://www.efibucarest.org/en/?s={search_term_string}"},"query-input":{"@type":"PropertyValueSpecification","valueRequired":true,"valueName":"search_term_string"}}],"inLanguage":"en-US"}]}</script>
<!-- / Yoast SEO plugin. -->

Ecole française à Tirana | Nos établissements - Odyssey

Trouver une Ecole Française à Tirana. Enseignement français et international. Ecole française internationale de Tirana...

École française internationale, Tirana
